{"id":45,"date":"2016-12-02T19:23:40","date_gmt":"2016-12-02T18:23:40","guid":{"rendered":"http:\/\/sedgeol.natur.cuni.cz\/?page_id=45"},"modified":"2016-12-19T23:18:36","modified_gmt":"2016-12-19T22:18:36","slug":"funding","status":"publish","type":"page","link":"https:\/\/sedgeol.natur.cuni.cz\/index.php\/funding\/","title":{"rendered":"Funding"},"content":{"rendered":"<p>In last few years the research team participated in several research projects focused on different topics related to sedimentary geology, basin stratigraphy and paleoclimate and related biotic and ecosystem changes.<\/p>\n<p><strong>2016<\/strong><strong>\u20132018 <\/strong>\u00a0Sedimentary record and mechanics of collapse of orogenic belts\u00a0(funded by grant of the Czech Science Foundation No. 16-11500S\u00a0to Ji\u0159\u00ed \u017d\u00e1k)<\/p>\n<p><strong>2016<\/strong><strong>\u20132018 <\/strong>\u00a0Sedimentary cyclicity in Late Paleozoic basins: understanding the role of hinterland processes on cyclic deposition\u00a0(funded by grant of the Czech Science Foundation No. 16-24062S to Stanislav Oplu\u0161til)<\/p>\n<p><strong>2012<\/strong><strong>\u20132015 <\/strong>\u00a0High-resolution floristic changes as a response to climatic dynamics during the Late Palaeozoic ice age recorded in the basins of the Bohemian Massif\u00a0(funded by grant of the Czech Science Foundation No. P210\/12\/2053 to Ji\u0159\u00ed Bek. Co-investigator Stanislav Oplu\u0161til)<\/p>\n<p><strong>\u00a0<\/strong><strong>2011<\/strong><strong>\u20132014 <\/strong>\u00a0Climatic archives recorded in the Late Paleozoic basins of the Bohemian Massif: proxies for reconstruction of climatic changes (funded by grant of the Czech Science Foundation No. P210-11-1431 to Stanislav Oplu\u0161til)<\/p>\n<p><strong>2009-2011<\/strong> Lacustrine and Coal Deposits of the Sokolov Basin, Eger Graben, as an Archive of Miocene Continental Paleoenvironments, Paleoclimate and Tectonics. project GA\u010cR 205\/09\/1162<\/p>\n<p><strong>2007 \u2013 2010<\/strong> Paleoecology, Paleogeography, Stratigraphy and Climatic Changes of the Upper Stephanian (Gzhelian) of the Central and Western Bohemian Basins. GAAV A300130703<\/p>\n","protected":false},"excerpt":{"rendered":"<p>In last few years the research team participated in several research projects focused on different topics related to sedimentary geology, basin stratigraphy and paleoclimate and related biotic and ecosystem changes. 2016\u20132018 \u00a0Sedimentary record and mechanics of collapse of orogenic belts\u00a0(funded by grant of the Czech Science Foundation No. 16-11500S\u00a0to Ji\u0159\u00ed \u2026 <a class=\"continue-reading-link\" href=\"https:\/\/sedgeol.natur.cuni.cz\/index.php\/funding\/\"> Continue reading <span class=\"meta-nav\">&rarr; <\/span><\/a><\/p>\n","protected":false},"author":3,"featured_media":0,"parent":0,"menu_order":0,"comment_status":"closed","ping_status":"closed","template":"","meta":{"footnotes":""},"class_list":["post-45","page","type-page","status-publish","hentry"],"_links":{"self":[{"href":"https:\/\/sedgeol.natur.cuni.cz\/index.php\/wp-json\/wp\/v2\/pages\/45","targetHints":{"allow":["GET"]}}],"collection":[{"href":"https:\/\/sedgeol.natur.cuni.cz\/index.php\/wp-json\/wp\/v2\/pages"}],"about":[{"href":"https:\/\/sedgeol.natur.cuni.cz\/index.php\/wp-json\/wp\/v2\/types\/page"}],"author":[{"embeddable":true,"href":"https:\/\/sedgeol.natur.cuni.cz\/index.php\/wp-json\/wp\/v2\/users\/3"}],"replies":[{"embeddable":true,"href":"https:\/\/sedgeol.natur.cuni.cz\/index.php\/wp-json\/wp\/v2\/comments?post=45"}],"version-history":[{"count":2,"href":"https:\/\/sedgeol.natur.cuni.cz\/index.php\/wp-json\/wp\/v2\/pages\/45\/revisions"}],"predecessor-version":[{"id":71,"href":"https:\/\/sedgeol.natur.cuni.cz\/index.php\/wp-json\/wp\/v2\/pages\/45\/revisions\/71"}],"wp:attachment":[{"href":"https:\/\/sedgeol.natur.cuni.cz\/index.php\/wp-json\/wp\/v2\/media?parent=45"}],"curies":[{"name":"wp","href":"https:\/\/api.w.org\/{rel}","templated":true}]}}